/(-22) composite?
False
Let a = -59913 + 90732. Is a a prime number?
False
Suppose -159 - 25 = t. Let n = -117 - t. Is n a prime number?
True
Suppose 0 = -i + 3*v + 716, -i - 2*i + 2148 = 4*v. Suppose -5*o = 3*z + 2*z - 1210, -5*o + i = 3*z. Is z a composite number?
True
Let o be 941/3 + (-1)/(-3). Let c be 7/(4/6*4/200). Let x = c - o. Is x composite?
False
Let g = 8218 - 3435. Is g composite?
False
Suppose -2*h = 2*h - 24. Is (-4)/h*((-426231)/(-6))/(-13) a prime number?
True
Let b(o) = -5*o + 4. Let h be b(-3). Suppose 2*v = 15 + h. Suppose 12*d - v*d + 2455 = 0. Is d a prime number?
True
Let p be -1*1*(1 - 2). Is p/3*(432 + 3) prime?
False
Let w(f) = 96*f**2 + 6*f - 5. Let j be w(-5). Suppose j = 3*b + x, -4175 + 220 = -5*b - 5*x. Is b a prime number?
True
Is 27267/(13/(104/24)) prime?
False
Let w(k) = -k**2 - 2*k + 3. Let x be w(3). Let b(n) be the third derivative of -23*n**4/12 + 5*n**3/6 + 462*n**2. Is b(x) composite?
False
Let g(l) = 4*l**3 + 3*l**2 - 4*l + 5. Let c be g(6). Let r = -216 + c. Is r a prime number?
False
Let t be (2 - (-12)/(-9))*-834. Suppose -p = 0, -4*q + 30 = q + 5*p. Is (t/6)/((-4)/q) a prime number?
True
Suppose 4*i + i = 20. Let s(j) = -3*j**3 + 7*j**2 + 5*j - 4. Let t(u) = 2*u**3 - 6*u**2 - 4*u + 4. Let m(d) = i*t(d) + 3*s(d). Is m(-3) a prime number?
True
Let b = 1988 - 85. Is b composite?
True
Let x(j) = 2*j**2 + 3*j + 1. Let c be x(-1). Let u = c - -121. Is u a prime number?
False
Let c(q) = 170*q + 113. Is c(33) composite?
True
Suppose 0 = -2*f - 5*p - 11, 0 = -3*f + 2*f - 2*p - 6. Is (1020/f - -2)*-2 a composite number?
False
Suppose i - 4433 = -280. Is i a prime number?
True
Let c = -27 + 21. Suppose 3*y - 90 = -5*m, -5*m + 31 = -3*y - 29. Is (1330/m)/(c/(-9)) a prime number?
False
Is ((-4055)/3)/((-1)/3) a prime number?
False
Suppose -5*o - 5*r = 1610, o + 3*r + 254 = -76. Is o/(-4) + -2*(-1)/(-4) a prime number?
True
Let j(r) = -3*r + 6. Let s be j(-3). Suppose 2*k - s = -5*p, 2*k = 5*p + 2 - 17. Suppose 2*g - 175 - 19 = k. Is g composite?
False
Let f(h) be the second derivative of -h**5/20 - 2*h**4/3 + h**3/6 - 7*h**2/2 + 6*h. Let n be f(-8). Is 68*(n/(-4) + -2) a composite number?
True
Let h = -188 + 382. Suppose -2*y + h + 444 = 0. Is y a composite number?
True
Suppose -7*n + 12 = -n. Suppose 0 = n*x - 0*x + j - 6869, 5*x - 17160 = -5*j. Is x prime?
False
Suppose 5*n - 22776 = 1489. Is n composite?
True
Let j(r) = r**2 - 13*r - 17. Let b be j(15). Suppose 1564 = 17*s - b*s. Is s composite?
True
Let f(m) = m**3 + 10*m**2 + 9*m + 11. Let b be 111/(-15) + -1 + (-2)/(-5). Is f(b) composite?
False
Let p be 131/((16/28)/4). Suppose -3*f - 2*y = -p - 160, 5*f - 1796 = -3*y. Suppose -5*q + 630 = -s + 2*s, -f = -3*q - 4*s. Is q a composite number?
False
Suppose 0 = 16*o - 19*o + 2388. Let h = 1935 - o. Is h composite?
True
Suppose 3*s - 102 = 6. Suppose 31*g - s*g + 8665 = 0. Is g composite?
False
Suppose 55906 = -42*f + 622024. Is f a composite number?
True
Let z = 6234 + -3029. Is z composite?
True
Let v(y) = 0*y - 6*y**2 + 8 + 7 + 6*y**3 - 4*y - 16. Is v(7) composite?
True
Let j be (-6)/(-10) - (1 - (-81)/(-15)). Suppose -3348 = -j*p + 1417. Is p prime?
True
Let i(p) = 2 - 35*p - 29*p - 4*p. Let q be i(-2). Suppose 2*a - q = u, -2*u = 4*a - 0*u - 276. Is a prime?
False
Let y(m) = 12*m**2 + 2*m. Let b be y(6). Let h = -239 + b. Is h a prime number?
False
Suppose 5*b + f = 12001, -b + 0*f - 2*f + 2402 = 0. Let i = 3693 - b. Is i composite?
True
Let y(x) = -4297*x + 47. Is y(-2) composite?
False
Suppose 5*n = s + 20, 3*s + 4*n - 12 = n. Suppose 2*d + 3*l - 3 = s, -4*d + 0*l = -2*l - 30. Suppose -152 = 2*v - d*v. Is v prime?
False
Let m be 21/84 + (-1302)/(-8). Suppose 2*q = 3*a + m, 0 = -3*q + 5*q - 2*a - 164. Is q a composite number?
False
Suppose 2*y - 8928 = -2*y - 5*o, -5*o - 6731 = -3*y. Is y a prime number?
True
Is -53*5/((-10)/254) composite?
True
Let t(w) = -w**2 + 13*w - 21. Let f be t(11). Is (f - 2)*-1*1 - -190 a composite number?
False
Let w = 16 + -19. Let i(j) = 10*j**2 + 5*j + 2. Is i(w) composite?
True
Let y be (-580)/(-6) - 24/36. Let t = -49 + y. Is t a prime number?
True
Let i(v) = -15*v. Let y be i(3). Is 4/6 + (-38355)/y a prime number?
True
Let g(t) = 2*t - 12. Let i be g(8). Suppose 8 = -d + i*a, 5*a + 15 = 3*d - 8*d. Is (446/d)/(7/(-14)) a prime number?
True
Let h(g) be the third derivative of g**5/30 - 3*g**4/8 - 5*g**3/3 - g**2. Let r(x) = -x**3 - x**2 + 32*x + 13. Let z be r(0). Is h(z) a composite number?
False
Let y = 202 - -135. Suppose 4*z - 427 = y. Is z a prime number?
True
Let a be (-12)/(-30) - (-3426)/10. Let s = -202 + a. Is s composite?
True
Suppose 9*h = 64571 + 81670. Is h composite?
False
Suppose -5987 = r + 3*r + 5*o, 5*o = 5. Let i = 3065 + r. Is i prime?
True
Suppose 0 = 5*f - 11 - 4. Suppose -2*g + g = 5, 47 = -f*v - g. Let u = v - -99. Is u a prime number?
False
Suppose -8 + 24 = 4*m. Suppose -m*y + 561 = 5*l - 2*y, -337 = -3*l - y. Is l a prime number?
True
Suppose -3*a = 3*h - 25623, 3*a + 35*h - 25619 = 31*h. Is a prime?
False
Let j(s) = 21*s - 5. Let i be j(7). Let h = i - 24. Suppose n = h + 145. Is n prime?
True
Suppose -3165 = 5*o + 4*y, -3*o + o + 4*y = 1294. Let j = -1140 - -796. Let g = j - o. Is g a composite number?
False
Let r = -4243 + 14888. Is r a composite number?
True
Let g = -25 - -27. Suppose -x + g*x - 4*y = 247, -y + 1 = 0. Is x prime?
True
Let j = 2 - -1. Suppose 51 = j*q - 24. Suppose 542 = y + q. Is y a composite number?
True
Let b = 624 + 1031. Is b composite?
True
Let n(f) = -f**3 + 40*f**2 - 35*f + 19. Is n(36) prime?
True
Let a = 25155 - 8692. Is a prime?
False
Let m(t) = 23*t**2 + 7*t + 73. Is m(10) a prime number?
False
Is 5/(-15)*-15 + 2603 + -5 a composite number?
True
Let i = -28722 - -58833. Is i composite?
True
Let u = 33672 + -13135. Is u a prime number?
False
Let l(f) = 806*f - 41. Is l(5) a composite number?
False
Suppose 3*c - 12*c = -12591. Is c prime?
True
Let f = -128 + 135. Suppose -5*j - 1834 = -f*j. Is j composite?
True
Let w(c) = -c**2 + c - 6. Let a be w(0). Let d(h) = h**3 + 5*h**2 - 9*h - 14. Let l be d(a). Suppose l*y + y = 725. Is y prime?
False
Suppose -z - z - 20 = 0. Let m be (2*3)/((-15)/z). Suppose 3*l = 5*y - 2339, -m*y - 2*l = -3*l - 1874. Is y prime?
False
Suppose -2*x + 8 + 7 = 3*j, 5*x = 2*j + 9. Is (35/(-10) + j)*-14 a composite number?
False
Suppose -89585 = -4*q + 110499. Is q prime?
True
Let j(b) = b**2 + 22*b + 14. Let u(a) = 2*a**2 + 45*a + 29. Let l(v) = -13*j(v) + 6*u(v). Is l(-11) a prime number?
True
Let a(b) = b**3 + 5*b**2 + 4. Let z be a(-5). Is ((-479)/z)/(1/(-4)) prime?
True
Let t = -352 + 586. Let p = t + 971. Is p a composite number?
True
Let r(l) = -l**3 - 24*l**2 - 2*l - 44. Let t be r(-24). Suppose -t*k + 3*q - 4683 = -7*k, -k + q + 1561 = 0. Is k a composite number?
True
Let i(h) = 6*h**2 + 110*h + 37. Is i(-22) composite?
False
Suppose -4*d - 5*n + 4696 = -7300, 0 = -4*d + 4*n + 12032. Suppose d = 3*b + b. Is b a prime number?
True
Let d(k) be the second derivative of -271*k**3/6 + 3*k**2 - 17*k. Is d(-5) prime?
True
Let h = 6652 - 3821. Is h prime?
False
Is (17/(-17))/((-4)/26692) a prime number?
True
Let g be 1 - (52/(-1))/(-1). Let k be (-10)/25 + g/(-15). Suppose -i + k*i - 1114 = 0. Is i a prime number?
True
Let w(g) = -309*g - 20. Is w(-3) composite?
False
Let u = 536 - -8591. Is u a prime number?
True
Let n(k) = 911*k + 634. Is n(19) composite?
True
Let p be (-3 + 4)/((-1)/(-4)). Is (1 - p) + 1 - -17 a composite number?
True
Let m = 52301 - 25930. Is m composite?
False
Let i be (-285)/35 - 3/(-21). Is -4 + (-4730)/i + 1/(-4) composite?
False
Let j = -32561 + 51040. Is j prime?
False
Let u = -2651 - -5698. Is u a composite number?
True
Suppose 8*b - 3*o = 4*b + 19596, 0 = -4*o - 16. Let g = -2483 + b. Is g a composite number?
True
Let l(q) = -q**3 + 21*q**2 - 21*q + 22. Let a be l(20). Is 1/a*-2*-89 composite?
False
Suppose 3*w = -2*i + 24893, -4*w + 34770 = 5*i - 27466. Suppose -4*j - i = 8*l - 12*l, -3*l - 2*j = -9321. Is l a prime number?
True
Suppose 2*q + 0*r - 120 = 4*r, 0 = -r - 5. Let l be q/15 + 1/(-3). Suppose -1194 = -l*f - 447. Is f a prime number?
False
Let w(r) = 5*r**2 - 45*r - 49. Is w(-17) composite?
False
Suppose -2*i = 4*r - 12, -3*i + r - 6*r + 17 = 0.